{"id":161,"date":"2021-01-09T02:02:18","date_gmt":"2021-01-09T01:02:18","guid":{"rendered":"http:\/\/jung-wildbret.de\/?page_id=161"},"modified":"2021-01-09T02:02:18","modified_gmt":"2021-01-09T01:02:18","slug":"wildtierschuetzer","status":"publish","type":"page","link":"http:\/\/jung-wildbret.de\/?page_id=161","title":{"rendered":"Wildtiersch\u00fctzer"},"content":{"rendered":"\n<p>Der Begriff des&nbsp;<strong>Wildtiersch\u00fctzers<\/strong>&nbsp;kommt aus dem&nbsp;<a href=\"https:\/\/de.wikipedia.org\/w\/index.php?title=Jagd-_und_Wildtiermanagementgesetz&amp;action=edit&amp;redlink=1\">Jagd- und Wildtiermanagementgesetz<\/a>&nbsp;(JWMG), das in&nbsp;<a href=\"https:\/\/de.wikipedia.org\/wiki\/Baden-W%C3%BCrttemberg\">Baden-W\u00fcrttemberg<\/a>am 1. April 2015 das bisherige&nbsp;<a href=\"https:\/\/de.wikipedia.org\/wiki\/Jagdrecht_(Deutschland)\">Jagdrecht<\/a>&nbsp;abgel\u00f6st hat. Wildtiersch\u00fctzer sind speziell ausgebildete jagdaus\u00fcbungsberechtigte Personen (siehe&nbsp;<a href=\"https:\/\/de.wikipedia.org\/wiki\/Jagdaus%C3%BCbungsrecht\">Jagdaus\u00fcbungsrecht<\/a>) und unterscheiden sich somit in Ausbildung und Aufgaben von&nbsp;<a href=\"https:\/\/de.wikipedia.org\/wiki\/Jagdschein\">Jagdschein<\/a>-Inhabern und&nbsp;<a href=\"https:\/\/de.wikipedia.org\/wiki\/Jagd#Jagdp%C3%A4chter\">Jagdp\u00e4chtern<\/a>. Die Wildtiersch\u00fctzer ersetzen in Baden-W\u00fcrttemberg die ehemaligen&nbsp;<a href=\"https:\/\/de.wikipedia.org\/wiki\/Jagdaufseher\">Jagdaufseher<\/a>. Die T\u00e4tigkeit kann ehrenamtlich oder hauptberuflich ausge\u00fcbt werden, aufgrund der aktuellen Strukturen und Gegebenheiten in Baden &#8211; W\u00fcrttemberg erfolgt die Aus\u00fcbung aber haupts\u00e4chlich im Ehrenamt.&nbsp;<\/p>\n\n\n\n<p>Hauptaufgaben der Wildtiersch\u00fctzer sind die Beratung von Privatpersonen und Beh\u00f6rden bei Fragen der&nbsp;<a href=\"https:\/\/de.wikipedia.org\/wiki\/Hege\">Hege<\/a>&nbsp;und&nbsp;<a href=\"https:\/\/de.wikipedia.org\/w\/index.php?title=Habitatgestaltung&amp;action=edit&amp;redlink=1\">Habitatgestaltung<\/a>&nbsp;von&nbsp;<a href=\"https:\/\/de.wikipedia.org\/wiki\/Wildtier\">Wildtieren<\/a>, des&nbsp;<a href=\"https:\/\/de.wikipedia.org\/wiki\/Biomonitoring\">Wildtiermonitorings<\/a>&nbsp;(Erfassen und Dokumentieren der in einem bestimmten Gebiet wild lebenden Tiere), des Umgangs mit Wildtieren z.&nbsp;B.&nbsp;<a href=\"https:\/\/de.wikipedia.org\/wiki\/Steinmarder\">Steinmarder<\/a>,&nbsp;<a href=\"https:\/\/de.wikipedia.org\/wiki\/Echte_F%C3%BCchse\">F\u00fcchse<\/a>,&nbsp;<a href=\"https:\/\/de.wikipedia.org\/wiki\/Waschb%C3%A4ren\">Waschb\u00e4ren<\/a>&nbsp;im&nbsp;<a href=\"https:\/\/de.wikipedia.org\/wiki\/Siedlungsraum\">Siedlungsraum<\/a>&nbsp;und bei Unf\u00e4llen mit Wildtieren wie&nbsp;<a href=\"https:\/\/de.wikipedia.org\/wiki\/Reh\">Rehe<\/a>,&nbsp;<a href=\"https:\/\/de.wikipedia.org\/wiki\/Rotwild\">Rotwild<\/a>&nbsp;und&nbsp;<a href=\"https:\/\/de.wikipedia.org\/wiki\/Wildschwein\">Wildschweinen<\/a>&nbsp;(Schwarzwild).<\/p>\n\n\n\n<p>Die Wildtiersch\u00fctzer arbeiten in Baden-W\u00fcrttemberg mit den Wildtierbeauftragten, die bei der unteren&nbsp;<a href=\"https:\/\/de.wikipedia.org\/wiki\/Jagdbeh%C3%B6rde\">Jagdbeh\u00f6rde<\/a>&nbsp;f\u00fcr die Fachberatung in jagdlichen Angelegenheiten zust\u00e4ndigen Personen der Landrats\u00e4mter (\u00a7&nbsp;61 JWMG), eng zusammen. Die amtliche Anerkennung und die Aufgaben der Wildtiersch\u00fctzer sind in \u00a7&nbsp;48 des Jagd- und Wildtiermanagementgesetzes (JWMG) von Baden-W\u00fcrttemberg geregelt. Zur amtlichen Anerkennung ist der Jagdschein und ein Lehrgang zum Wildtiersch\u00fctzer erforderlich. Vom erforderlichen Lehrgang zum Wildtiersch\u00fctzer sind Personen ausgenommen, welche ein forstliches Studium durchlaufen oder die Ausbildung zum&nbsp;<a href=\"https:\/\/de.wikipedia.org\/wiki\/Berufsj%C3%A4ger\">Revierj\u00e4ger<\/a>&nbsp;absolviert haben.&nbsp;<\/p>\n\n\n\n<p>Die Interessenvertretung der Wildtiersch\u00fctzer ist der Jagd \u2013 Natur \u2013 Wildtiersch\u00fctzerverband Baden-W\u00fcrttemberg e.V. Der Verband ist nach \u00a7\u00a064 JWMG als landesweite (gemeint ist Baden-W\u00fcrttemberg) Vertretung der J\u00e4ger anerkannt und ver\u00f6ffentlicht Mitteilungen in der Verbandszeitschrift des\u00a0<a href=\"https:\/\/de.wikipedia.org\/w\/index.php?title=Landesjagdverband_Baden-W%C3%BCrttemberg&amp;action=edit&amp;redlink=1\">Landesjagdverbandes<\/a>\u00a0<em>Jagd in Baden-W\u00fcrttemberg<\/em>. Eine Mitgliedschaft ist f\u00fcr die Aus\u00fcbung der T\u00e4tigkeit nicht von Bedeutung aber wird aufgrund der st\u00e4ndigen Angebote zur Fort- und Weiterbildung empfohlen.<\/p>\n\n\n\n<p><\/p>\n\n\n\n<p>Quelle: Wikipedia<\/p>\n","protected":false},"excerpt":{"rendered":"<p>Der Begriff des&nbsp;Wildtiersch\u00fctzers&nbsp;kommt aus dem&nbsp;Jagd- und Wildtiermanagementgesetz&nbsp;(JWMG), das in&nbsp;Baden-W\u00fcrttembergam 1. April 2015 das bisherige&nbsp;Jagdrecht&nbsp;abgel\u00f6st hat. Wildtiersch\u00fctzer sind speziell ausgebildete jagdaus\u00fcbungsberechtigte Personen (siehe&nbsp;Jagdaus\u00fcbungsrecht) und unterscheiden sich somit in Ausbildung und Aufgaben von&nbsp;Jagdschein-Inhabern und&nbsp;Jagdp\u00e4chtern. Die Wildtiersch\u00fctzer ersetzen in Baden-W\u00fcrttemberg die ehemaligen&nbsp;Jagdaufseher. Die<\/p>\n","protected":false},"author":1,"featured_media":0,"parent":0,"menu_order":0,"comment_status":"closed","ping_status":"closed","template":"","meta":{"footnotes":""},"class_list":["post-161","page","type-page","status-publish","hentry"],"_links":{"self":[{"href":"http:\/\/jung-wildbret.de\/index.php?rest_route=\/wp\/v2\/pages\/161","targetHints":{"allow":["GET"]}}],"collection":[{"href":"http:\/\/jung-wildbret.de\/index.php?rest_route=\/wp\/v2\/pages"}],"about":[{"href":"http:\/\/jung-wildbret.de\/index.php?rest_route=\/wp\/v2\/types\/page"}],"author":[{"embeddable":true,"href":"http:\/\/jung-wildbret.de\/index.php?rest_route=\/wp\/v2\/users\/1"}],"replies":[{"embeddable":true,"href":"http:\/\/jung-wildbret.de\/index.php?rest_route=%2Fwp%2Fv2%2Fcomments&post=161"}],"version-history":[{"count":1,"href":"http:\/\/jung-wildbret.de\/index.php?rest_route=\/wp\/v2\/pages\/161\/revisions"}],"predecessor-version":[{"id":162,"href":"http:\/\/jung-wildbret.de\/index.php?rest_route=\/wp\/v2\/pages\/161\/revisions\/162"}],"wp:attachment":[{"href":"http:\/\/jung-wildbret.de\/index.php?rest_route=%2Fwp%2Fv2%2Fmedia&parent=161"}],"curies":[{"name":"wp","href":"https:\/\/api.w.org\/{rel}","templated":true}]}}